{"id":4526,"date":"2019-01-28T04:07:18","date_gmt":"2019-01-28T04:07:18","guid":{"rendered":"http:\/\/thim.staging.wpengine.com\/thim-2\/?page_id=4526"},"modified":"2025-10-26T18:34:22","modified_gmt":"2025-10-26T23:34:22","slug":"galeria","status":"publish","type":"page","link":"https:\/\/colecolba.edu.co\/web\/galeria\/","title":{"rendered":"Galer\u00eda"},"content":{"rendered":"<div class=\"wpb-content-wrapper\"><p>[vc_row css=\u00bb.vc_custom_1471017256679{margin-bottom: -30px !important;}\u00bb][vc_column][vc_basic_grid post_type=\u00bbpost\u00bb max_items=\u00bb-1&#8243; style=\u00bbpagination\u00bb items_per_page=\u00bb12&#8243; paging_design=\u00bbround_fill_square_dots\u00bb paging_color=\u00bbjuicy_pink\u00bb item=\u00bbbasicGrid_SlideFromTop\u00bb grid_id=\u00bbvc_gid:1761520781724-b6452abd-1c7f-3&#8243; taxonomies=\u00bb3466&#8243;][\/vc_column][\/vc_row][vc_row][vc_column][vc_column_text css=\u00bb\u00bb]<\/p>\n<h1 style=\"text-align: center;\">Eucarist\u00eda en acci\u00f3n de gracias.<\/h1>\n<h1 style=\"text-align: center;\"><strong>ECOLBA<\/strong><\/h1>\n<p>[\/vc_column_text][vc_column_text css=\u00bb\u00bb]<\/p>\n<h4>Hoy el Colegio Eustorgio Colmenares Baptista, ofreci\u00f3 una eucarist\u00eda en acci\u00f3n de gracias, por la <strong>Prom 2025<\/strong> que se dispone el pr\u00f3ximo domingo 10 de agosto a presentar la pruebas Saber 11.<\/h4>\n<h4>Con la Bendici\u00f3n de los l\u00e1pices y el coraz\u00f3n entregado a Dios, cada uno de ellos y ellas se disponen a presentar esta importante prueba acad\u00e9mica.<\/h4>\n<h4>Desde la instituci\u00f3n le deseamos \u00e9xitos y que los resultados sean fruto del esfuerzo.<\/h4>\n<p>[\/vc_column_text][vc_gallery type=\u00bbimage_grid\u00bb images=\u00bb14380,14381,14382,14383,14384,14386,14385,14387,14388,14389,14390,14391&#8243; css=\u00bb\u00bb][vc_column_text css=\u00bb\u00bb]<\/p>\n<h1 style=\"text-align: center;\"><strong>ECOLBA<\/strong><\/h1>\n<h1 style=\"text-align: center;\"><strong>Siembra futuro <span class=\"html-span xexx8yu xyri2b x18d9i69 x1c1uobl x1hl2dhg x16tdsg8 x1vvkbs x3nfvp2 x1j61x8r x1fcty0u xdj266r xat24cr xm2jcoa x1mpyi22 xxymvpz xlup9mm x1kky2od\"><img loading=\"lazy\" decoding=\"async\" class=\"xz74otr x15mokao x1ga7v0g x16uus16 xbiv7yw\" src=\"https:\/\/static.xx.fbcdn.net\/images\/emoji.php\/v9\/t69\/1\/16\/1f331.png\" alt=\"\ud83c\udf31\" width=\"47\" height=\"47\" \/><\/span><\/strong><\/h1>\n<p>[\/vc_column_text][vc_column_text css=\u00bb\u00bb]<\/p>\n<div class=\"xdj266r x14z9mp xat24cr x1lziwak x1vvkbs x126k92a\">\n<h4 dir=\"auto\">El 08 de agosto en el Colegio Eustorgio Colmenares Baptista vivimos una jornada especial con nuestro Proyecto de Educaci\u00f3n Ambiental \u2013 PRAE 2025, liderado por el \u00e1rea de Ciencias Naturales.<\/h4>\n<\/div>\n<h4 dir=\"auto\">Gracias a la iniciativa con Veolia Colombia y al invaluable apoyo de la Polic\u00eda Nacional \u2013 Direcci\u00f3n Antinarc\u00f3ticos, dimos vida a nuestra huerta escolar, sembrando cilantro, tomate, piment\u00f3n y plantas arom\u00e1ticas que ser\u00e1n fuente de aprendizaje y sostenibilidad para toda la comunidad educativa.<\/h4>\n<div class=\"x14z9mp xat24cr x1lziwak x1vvkbs xtlvy1s x126k92a\">\n<h4 dir=\"auto\"><span class=\"html-span xexx8yu xyri2b x18d9i69 x1c1uobl x1hl2dhg x16tdsg8 x1vvkbs x3nfvp2 x1j61x8r x1fcty0u xdj266r xat24cr xm2jcoa x1mpyi22 xxymvpz xlup9mm x1kky2od\"><img loading=\"lazy\" decoding=\"async\" class=\"xz74otr x15mokao x1ga7v0g x16uus16 xbiv7yw\" src=\"https:\/\/static.xx.fbcdn.net\/images\/emoji.php\/v9\/t94\/1\/16\/1f49a.png\" alt=\"\ud83d\udc9a\" width=\"16\" height=\"16\" \/><\/span> Seguimos formando estudiantes comprometidos con el cuidado del medio ambiente y la producci\u00f3n responsable de alimentos.<\/h4>\n<h4 dir=\"auto\"><span class=\"html-span xdj266r x14z9mp xat24cr x1lziwak xexx8yu xyri2b x18d9i69 x1c1uobl x1hl2dhg x16tdsg8 x1vvkbs\"><a class=\"x1i10hfl xjbqb8w x1ejq31n x18oe1m7 x1sy0etr xstzfhl x972fbf x10w94by x1qhh985 x14e42zd x9f619 x1ypdohk xt0psk2 x3ct3a4 xdj266r x14z9mp xat24cr x1lziwak xexx8yu xyri2b x18d9i69 x1c1uobl x16tdsg8 x1hl2dhg xggy1nq x1a2a7pz xkrqix3 x1sur9pj x1fey0fg x1s688f\" tabindex=\"0\" role=\"link\" href=\"https:\/\/www.facebook.com\/hashtag\/ecolba?__eep__=6&amp;__cft__[0]=AZWSCLiP-fGcZWi1YjWqDmo2MxwrIAe1_wikUC5Y3Sq_iALNB-Q9eDNrovonkwiRDK9fFKq7OXaQqEyDoqRMLFtqM3qDVU3ZLaAM6jWVdIB8OkMIdKH1Xd5Fde7QQbngT8YRuSptNoz118Kp22NuEIN9_it9VbyVvmC7TkOYRLOs-5Ypp87GqwJ1b-CnzCUh0yg&amp;__tn__=*NK-R\">#ECOLBA<\/a><\/span> <span class=\"html-span xdj266r x14z9mp xat24cr x1lziwak xexx8yu xyri2b x18d9i69 x1c1uobl x1hl2dhg x16tdsg8 x1vvkbs\"><a class=\"x1i10hfl xjbqb8w x1ejq31n x18oe1m7 x1sy0etr xstzfhl x972fbf x10w94by x1qhh985 x14e42zd x9f619 x1ypdohk xt0psk2 x3ct3a4 xdj266r x14z9mp xat24cr x1lziwak xexx8yu xyri2b x18d9i69 x1c1uobl x16tdsg8 x1hl2dhg xggy1nq x1a2a7pz xkrqix3 x1sur9pj x1fey0fg x1s688f\" tabindex=\"0\" role=\"link\" href=\"https:\/\/www.facebook.com\/hashtag\/prae2025?__eep__=6&amp;__cft__[0]=AZWSCLiP-fGcZWi1YjWqDmo2MxwrIAe1_wikUC5Y3Sq_iALNB-Q9eDNrovonkwiRDK9fFKq7OXaQqEyDoqRMLFtqM3qDVU3ZLaAM6jWVdIB8OkMIdKH1Xd5Fde7QQbngT8YRuSptNoz118Kp22NuEIN9_it9VbyVvmC7TkOYRLOs-5Ypp87GqwJ1b-CnzCUh0yg&amp;__tn__=*NK-R\">#PRAE2025<\/a><\/span> <span class=\"html-span xdj266r x14z9mp xat24cr x1lziwak xexx8yu xyri2b x18d9i69 x1c1uobl x1hl2dhg x16tdsg8 x1vvkbs\"><a class=\"x1i10hfl xjbqb8w x1ejq31n x18oe1m7 x1sy0etr xstzfhl x972fbf x10w94by x1qhh985 x14e42zd x9f619 x1ypdohk xt0psk2 x3ct3a4 xdj266r x14z9mp xat24cr x1lziwak xexx8yu xyri2b x18d9i69 x1c1uobl x16tdsg8 x1hl2dhg xggy1nq x1a2a7pz xkrqix3 x1sur9pj x1fey0fg x1s688f\" tabindex=\"0\" role=\"link\" href=\"https:\/\/www.facebook.com\/hashtag\/huertaescolar?__eep__=6&amp;__cft__[0]=AZWSCLiP-fGcZWi1YjWqDmo2MxwrIAe1_wikUC5Y3Sq_iALNB-Q9eDNrovonkwiRDK9fFKq7OXaQqEyDoqRMLFtqM3qDVU3ZLaAM6jWVdIB8OkMIdKH1Xd5Fde7QQbngT8YRuSptNoz118Kp22NuEIN9_it9VbyVvmC7TkOYRLOs-5Ypp87GqwJ1b-CnzCUh0yg&amp;__tn__=*NK-R\">#HuertaEscolar<\/a><\/span> <span class=\"html-span xdj266r x14z9mp xat24cr x1lziwak xexx8yu xyri2b x18d9i69 x1c1uobl x1hl2dhg x16tdsg8 x1vvkbs\"><a class=\"x1i10hfl xjbqb8w x1ejq31n x18oe1m7 x1sy0etr xstzfhl x972fbf x10w94by x1qhh985 x14e42zd x9f619 x1ypdohk xt0psk2 x3ct3a4 xdj266r x14z9mp xat24cr x1lziwak xexx8yu xyri2b x18d9i69 x1c1uobl x16tdsg8 x1hl2dhg xggy1nq x1a2a7pz xkrqix3 x1sur9pj x1fey0fg x1s688f\" tabindex=\"0\" role=\"link\" href=\"https:\/\/www.facebook.com\/hashtag\/educaci%C3%B3nambiental?__eep__=6&amp;__cft__[0]=AZWSCLiP-fGcZWi1YjWqDmo2MxwrIAe1_wikUC5Y3Sq_iALNB-Q9eDNrovonkwiRDK9fFKq7OXaQqEyDoqRMLFtqM3qDVU3ZLaAM6jWVdIB8OkMIdKH1Xd5Fde7QQbngT8YRuSptNoz118Kp22NuEIN9_it9VbyVvmC7TkOYRLOs-5Ypp87GqwJ1b-CnzCUh0yg&amp;__tn__=*NK-R\">#Educaci\u00f3nAmbiental<\/a><\/span> <span class=\"html-span xdj266r x14z9mp xat24cr x1lziwak xexx8yu xyri2b x18d9i69 x1c1uobl x1hl2dhg x16tdsg8 x1vvkbs\"><a class=\"x1i10hfl xjbqb8w x1ejq31n x18oe1m7 x1sy0etr xstzfhl x972fbf x10w94by x1qhh985 x14e42zd x9f619 x1ypdohk xt0psk2 x3ct3a4 xdj266r x14z9mp xat24cr x1lziwak xexx8yu xyri2b x18d9i69 x1c1uobl x16tdsg8 x1hl2dhg xggy1nq x1a2a7pz xkrqix3 x1sur9pj x1fey0fg x1s688f\" tabindex=\"0\" role=\"link\" href=\"https:\/\/www.facebook.com\/hashtag\/siembrafuturo?__eep__=6&amp;__cft__[0]=AZWSCLiP-fGcZWi1YjWqDmo2MxwrIAe1_wikUC5Y3Sq_iALNB-Q9eDNrovonkwiRDK9fFKq7OXaQqEyDoqRMLFtqM3qDVU3ZLaAM6jWVdIB8OkMIdKH1Xd5Fde7QQbngT8YRuSptNoz118Kp22NuEIN9_it9VbyVvmC7TkOYRLOs-5Ypp87GqwJ1b-CnzCUh0yg&amp;__tn__=*NK-R\">#SiembraFuturo<\/a><\/span> <span class=\"html-span xdj266r x14z9mp xat24cr x1lziwak xexx8yu xyri2b x18d9i69 x1c1uobl x1hl2dhg x16tdsg8 x1vvkbs\"><a class=\"x1i10hfl xjbqb8w x1ejq31n x18oe1m7 x1sy0etr xstzfhl x972fbf x10w94by x1qhh985 x14e42zd x9f619 x1ypdohk xt0psk2 x3ct3a4 xdj266r x14z9mp xat24cr x1lziwak xexx8yu xyri2b x18d9i69 x1c1uobl x16tdsg8 x1hl2dhg xggy1nq x1a2a7pz xkrqix3 x1sur9pj x1fey0fg x1s688f\" tabindex=\"0\" role=\"link\" href=\"https:\/\/www.facebook.com\/hashtag\/veoliacolombia?__eep__=6&amp;__cft__[0]=AZWSCLiP-fGcZWi1YjWqDmo2MxwrIAe1_wikUC5Y3Sq_iALNB-Q9eDNrovonkwiRDK9fFKq7OXaQqEyDoqRMLFtqM3qDVU3ZLaAM6jWVdIB8OkMIdKH1Xd5Fde7QQbngT8YRuSptNoz118Kp22NuEIN9_it9VbyVvmC7TkOYRLOs-5Ypp87GqwJ1b-CnzCUh0yg&amp;__tn__=*NK-R\">#VeoliaColombia<\/a><\/span> <span class=\"html-span xdj266r x14z9mp xat24cr x1lziwak xexx8yu xyri2b x18d9i69 x1c1uobl x1hl2dhg x16tdsg8 x1vvkbs\"><a class=\"x1i10hfl xjbqb8w x1ejq31n x18oe1m7 x1sy0etr xstzfhl x972fbf x10w94by x1qhh985 x14e42zd x9f619 x1ypdohk xt0psk2 x3ct3a4 xdj266r x14z9mp xat24cr x1lziwak xexx8yu xyri2b x18d9i69 x1c1uobl x16tdsg8 x1hl2dhg xggy1nq x1a2a7pz xkrqix3 x1sur9pj x1fey0fg x1s688f\" tabindex=\"0\" role=\"link\" href=\"https:\/\/www.facebook.com\/hashtag\/polic%C3%ADaantinarc%C3%B3ticos?__eep__=6&amp;__cft__[0]=AZWSCLiP-fGcZWi1YjWqDmo2MxwrIAe1_wikUC5Y3Sq_iALNB-Q9eDNrovonkwiRDK9fFKq7OXaQqEyDoqRMLFtqM3qDVU3ZLaAM6jWVdIB8OkMIdKH1Xd5Fde7QQbngT8YRuSptNoz118Kp22NuEIN9_it9VbyVvmC7TkOYRLOs-5Ypp87GqwJ1b-CnzCUh0yg&amp;__tn__=*NK-R\">#Polic\u00edaAntinarc\u00f3ticos<\/a><\/span><\/h4>\n<\/div>\n<p>[\/vc_column_text][vc_gallery type=\u00bbimage_grid\u00bb images=\u00bb14372,14369,14370,14371,14373,14374&#8243; css=\u00bb\u00bb][vc_column_text css=\u00bb\u00bb]<\/p>\n<h1 style=\"text-align: center;\">La paz se construye en las aulas y florece en la comunidad.<\/h1>\n<h1 style=\"text-align: center;\">ECOLBA<\/h1>\n<p>[\/vc_column_text][vc_column_text css=\u00bb\u00bb]<\/p>\n<h4>En el Primer Encuentro Departamental de Escuelas de Paz reafirmamos nuestro compromiso de educar para la convivencia, el respeto y la no violencia.<\/h4>\n<h4>Este es un espacio donde estudiantes, docentes y familias levantamos la voz por un futuro lleno de esperanza y reconciliaci\u00f3n.<\/h4>\n<h4>\u00a1Unidos, hacemos posible una escuela y un territorio en paz!<\/h4>\n<p>[\/vc_column_text][vc_gallery type=\u00bbimage_grid\u00bb images=\u00bb14352,14353,14354,14355,14356,14357,14358,14359,14360,14361,14362&#8243; css=\u00bb\u00bb][vc_column_text css=\u00bb\u00bb]<\/p>\n<h1 style=\"text-align: center;\"><em><strong>Nuevos Representantes 2025<\/strong><\/em><\/h1>\n<p>[\/vc_column_text][vc_column_text css=\u00bb\u00bb]<\/p>\n<h4><em><strong>\u00a1Felicitaciones a nuestros nuevos representantes!<\/strong><\/em><\/h4>\n<h4><em>Con gran orgullo presentamos al Contralor Estudiantil 2025, Jhon Maicol L\u00f3pez Carre\u00f1o, y a la Personera Estudiantil 2025, Nicolle Alexandra Rozo Ram\u00edrez.<\/em><\/h4>\n<h4><em>Su elecci\u00f3n es una muestra de confianza y esperanza en una comunidad educativa m\u00e1s participativa, justa y comprometida. Sabemos que trabajar\u00e1n con responsabilidad, respeto y liderazgo para representar la voz de sus compa\u00f1eros y velar por el bienestar de todos.<\/em><\/h4>\n<h4><em><strong>\u00a1Empieza una nueva etapa con grandes retos y muchas oportunidades! <\/strong><\/em><\/h4>\n<p>[\/vc_column_text][vc_gallery type=\u00bbimage_grid\u00bb images=\u00bb14316,14317,14318,14319,14320&#8243; css=\u00bb\u00bb][vc_column_text css=\u00bb\u00bb]<\/p>\n<h1 style=\"text-align: center;\"><em><strong>DIA DE MADRES<\/strong><\/em><\/h1>\n<p>[\/vc_column_text][vc_column_text css=\u00bb\u00bb]<\/p>\n<h4>En el marco de la oferta institucional FIVE, y con el acompa\u00f1amiento de la Polic\u00eda Antinarc\u00f3ticos, nuestros estudiantes de los grados d\u00e9cimo y und\u00e9cimo participaron en una charla orientada por el equipo de Incorporaci\u00f3n de la Polic\u00eda Nacional.<\/h4>\n<h4>Esta fue una excelente oportunidad para que conocieran de primera mano los requisitos, beneficios y posibilidades que ofrece esta instituci\u00f3n como proyecto de vida.<\/h4>\n<h4>\u00a1Gracias a la Polic\u00eda Nacional por brindar estos espacios de orientaci\u00f3n y motivaci\u00f3n para el futuro de nuestros j\u00f3venes!<\/h4>\n<p>[\/vc_column_text][vc_gallery type=\u00bbimage_grid\u00bb images=\u00bb14329,14330,14331,14332,14333,14334,14335,14336,14337,14338,14339,14340,14341,14342,14343,14344,14345&#8243; css=\u00bb\u00bb][vc_column_text css=\u00bb\u00bb]<\/p>\n<h1 style=\"text-align: center;\"><em><strong>FIVE<\/strong><\/em><\/h1>\n<p>[\/vc_column_text][vc_column_text css=\u00bb\u00bb]<\/p>\n<h3><strong>\u00a1Feliz D\u00eda de las Madres! Sede Panamericana. <\/strong><\/h3>\n<h4>\u00abLas madres son el coraz\u00f3n de nuestra familia y la inspiraci\u00f3n de nuestros hijos. En la Sede Panamericana se celebr\u00f3 este d\u00eda a todas las madres por su amor, dedicaci\u00f3n y sacrificio.<\/h4>\n<h4>\u00a1Gracias por ser el pilar de nuestras familias y por apoyarnos en cada paso!<\/h4>\n<p>[\/vc_column_text][vc_gallery type=\u00bbimage_grid\u00bb images=\u00bb14324,14325,14326,14327&#8243; css=\u00bb\u00bb][vc_separator css=\u00bb\u00bb][vc_separator css=\u00bb\u00bb][vc_column_text]<\/p>\n<h1 style=\"text-align: center;\"><span style=\"color: #000000;\"><em><strong>Primera asamblea general del a\u00f1o escolar 2024.<\/strong><\/em><\/span><\/h1>\n<p>[\/vc_column_text]<div class=\"thim-widget-multiple-images template-base\"><div class=\"thim-multiple-images-wrapper row\"><div class=\"col-sm-12\"><img src =\"https:\/\/colecolba.edu.co\/web\/wp-content\/uploads\/2024\/01\/6.jpeg\" width=\"2560\"  height=\"1706\" alt=\"\"\/><\/div><\/div><\/div>[vc_gallery type=\u00bbimage_grid\u00bb images=\u00bb13932,13936,13937,13938,13939,13940,13941,13942,13943,13944&#8243;][vc_separator css=\u00bb\u00bb][vc_gallery type=\u00bbimage_grid\u00bb images=\u00bb11955,11959,11960,11961,11962,11963,11964,11965,11966,11967,11968,11958,11957,11956&#8243;][vc_separator border_width=\u00bb5&#8243;][\/vc_column][\/vc_row][vc_row][vc_column][vc_column_text]<\/p>\n<h1 style=\"text-align: center;\"><span style=\"color: #000000;\"><em><strong>Rendici\u00f3n de cuentas 2023.<\/strong><\/em><\/span><\/h1>\n<p>[\/vc_column_text][vc_column_text]<\/p>\n<h4>Hoy 23 de febrero en cabeza del se\u00f1or rector YENIS ALONSO ANAVITARTE MANRIQUE y los l\u00edderes de gesti\u00f3n, rindieron cuentas a la comunidad educativa Eustorgio Colmenares Baptista del a\u00f1o 2023, en donde participaron padres de familias, estudiantes, docentes y l\u00edderes comunitarios.<\/h4>\n<h4><strong><em>La educaci\u00f3n es el alma de la sociedad. Sin ella estar\u00eda perdida.<\/em><\/strong><\/h4>\n<p>[\/vc_column_text][vc_gallery type=\u00bbimage_grid\u00bb images=\u00bb14019,14020,14021,14022,14023,14024,14025,14026,14027,14028&#8243;][\/vc_column][\/vc_row][vc_row][vc_column][vc_column_text]<\/p>\n<h1 style=\"text-align: center;\"><em><strong>Candidatos a la personer\u00eda y controlar\u00eda 2024<\/strong><\/em><\/h1>\n<p>[\/vc_column_text][vc_column_text]<\/p>\n<h4>Estos son los candidatos a la personer\u00eda y controlar\u00eda del 2024 ECOLBA<\/h4>\n<h4>Con una jornada cultural apoyada por empresas de la regi\u00f3n como Do\u00f1a pepa, yupi, OLIMPICA; se presentaron los estudiantes del grado once y d\u00e9cimo, candidatos a la personer\u00eda y controlar\u00eda respectivamente.<\/h4>\n<h4>La jornada estuvo cargada de m\u00fasica y baile con artistas de la regi\u00f3n, un espacio lleno de la mejor energ\u00eda para iniciar la semana escolar.<\/h4>\n<p>[\/vc_column_text][vc_gallery type=\u00bbimage_grid\u00bb images=\u00bb14030,14031,14032,14033,14034,14035,14036,14037,14038,14039,14040&#8243;][vc_column_text]<\/p>\n<h1 style=\"text-align: center;\"><em><strong>La comunidad Ecolbista recibe al Obispo Jos\u00e9 Libardo Garc\u00e9s<\/strong><\/em> Monsalve<\/h1>\n<p>[\/vc_column_text][vc_column_text]<\/p>\n<h4>Una ma\u00f1ana cargada de fe y paz se hizo el recibimiento al obispo de nuestra ciudad y se conmemor\u00f3 la batalla de C\u00facuta en sus 211 a\u00f1os; la jornada estuvo cargada con actos culturales como m\u00fasica, canto, baile y teatro por parte de estudiantes del grado 11 y grupos representativos del colegio.<\/h4>\n<h4>Adem\u00e1s, se exaltaron a los estudiantes que por su liderazgo y compromiso asumieron el cargo de representantes en cada uno de sus salones.<\/h4>\n<p>[\/vc_column_text][vc_gallery type=\u00bbimage_grid\u00bb images=\u00bb14066,14067,14058,14049,14047,14057,14048,14050,14051,14053,14054,14055,14056,14059,14060,14061,14052,14062,14063&#8243;][\/vc_column][\/vc_row][vc_row][vc_column][vc_column_text]<\/p>\n<h1 style=\"text-align: center;\"><em><strong>Juegos Interclases ECOLBA 2024<\/strong><\/em><\/h1>\n<p>[\/vc_column_text][vc_column_text]Aqu\u00ed algunas fotos de lo que fue este 11 de mayo en la inauguraci\u00f3n de los juegos interclases 2024.<\/p>\n<p>Queremos destacar el esfuerzo y la dedicaci\u00f3n de todos los estudiantes, profesores y padres que hacen posible estos eventos. \u00a1Gracias por su apoyo constante y por inspirar a nuestros j\u00f3venes a ser mejores cada d\u00eda!<\/p>\n<p>Participar en estas actividades fomenta un sentido de pertenencia y unidad entre los estudiantes. Cada partido y cada torneo se convierten en momentos inolvidables donde se forjan amistades y se crean recuerdos que durar\u00e1n toda la vida.[\/vc_column_text][vc_gallery type=\u00bbimage_grid\u00bb images=\u00bb14103,14104,14105,14106,14107,14108,14109,14110,14111,14112,14113,14114,14115,14116&#8243;][vc_column_text css=\u00bb\u00bb]<\/p>\n<h1 style=\"text-align: center;\"><em>Arranca la Semana Cultural 2024 ECOLBA<\/em><\/h1>\n<p>[\/vc_column_text][vc_column_text css=\u00bb\u00bb]Inicia la semana cultural con la celebraci\u00f3n eucar\u00edstica de los 31 a\u00f1os de la familia Ecolbista, adem\u00e1s de una rese\u00f1a hist\u00f3rica de su fundaci\u00f3n al servicio de la comuna seis de C\u00facuta como instituci\u00f3n educativa.<\/p>\n<p>Prep\u00e1rate para una semana llena de emprendimiento, arte, m\u00fasica, danza, teatro y creatividad sin l\u00edmites.<\/p>\n<p>Ven y sum\u00e9rgete en la magia de nuestra cultura! Descubre talentos locales, participa de las actividades y disfruta de espect\u00e1culos que te dejar\u00e1n sin aliento.[\/vc_column_text][vc_gallery type=\u00bbimage_grid\u00bb images=\u00bb14201,14202,14203,14204,14205,14206,14207,14208,14209,14211,14212,14213,14214,14215,14216,14217,14218,14219,14220,14221,14222,14223,14224&#8243; css=\u00bb\u00bb][vc_column_text css=\u00bb\u00bb]El festival p\u00edleo-arte: una ventana a la creatividad y el desarrollo de habilidades en los ni\u00f1os, ni\u00f1as ya adolescentes.<\/p>\n<p>El teatro no es solo entretenimiento, \u00a1es una herramienta educativa poderosa!<\/p>\n<p>Al participar en actividades teatrales, los ni\u00f1os desarrollan habilidades clave como:<\/p>\n<p>Confianza en s\u00ed mismos: Cada vez que suben al escenario, ganan seguridad.<\/p>\n<p>Comunicaci\u00f3n: Aprenden a expresarse mejor, tanto verbal como corporalmente.<\/p>\n<p>Trabajo en equipo: El teatro es colaboraci\u00f3n, lo que fomenta la empat\u00eda y el trabajo conjunto.<\/p>\n<p>Creatividad: Imaginan, crean y dan vida a personajes e historias.[\/vc_column_text][vc_gallery type=\u00bbimage_grid\u00bb images=\u00bb14228,14229,14230,14231,14232,14233,14234&#8243; css=\u00bb\u00bb][vc_column_text]<\/p>\n<h3><strong>Im\u00e1genes publicadas<\/strong><\/h3>\n<p>[\/vc_column_text][vc_gallery type=\u00bbimage_grid\u00bb images=\u00bb14016,14013,13990,13987,13942&#8243;][\/vc_column][\/vc_row]<\/p>\n<\/div>","protected":false},"excerpt":{"rendered":"<p>[vc_row css=\u00bb.vc_custom_1471017256679{margin-bottom: -30px !important;}\u00bb][vc_column][vc_basic_grid post_type=\u00bbpost\u00bb max_items=\u00bb-1&#8243; style=\u00bbpagination\u00bb items_per_page=\u00bb12&#8243; paging_design=\u00bbround_fill_square_dots\u00bb paging_color=\u00bbjuicy_pink\u00bb item=\u00bbbasicGrid_SlideFromTop\u00bb grid_id=\u00bbvc_gid:1761520781724-b6452abd-1c7f-3&#8243; taxonomies=\u00bb3466&#8243;][\/vc_column][\/vc_row][vc_row][vc_column][vc_column_text css=\u00bb\u00bb] Eucarist\u00eda en acci\u00f3n de gracias. ECOLBA [\/vc_column_text][vc_column_text css=\u00bb\u00bb] Hoy el Colegio Eustorgio Colmenares Baptista, ofreci\u00f3 una eucarist\u00eda en acci\u00f3n de gracias, por la Prom 2025 que &hellip; <\/p>\n","protected":false},"author":1,"featured_media":0,"parent":0,"menu_order":0,"comment_status":"closed","ping_status":"closed","template":"","meta":{"footnotes":""},"class_list":["post-4526","page","type-page","status-publish","hentry"],"_links":{"self":[{"href":"https:\/\/colecolba.edu.co\/web\/wp-json\/wp\/v2\/pages\/4526","targetHints":{"allow":["GET"]}}],"collection":[{"href":"https:\/\/colecolba.edu.co\/web\/wp-json\/wp\/v2\/pages"}],"about":[{"href":"https:\/\/colecolba.edu.co\/web\/wp-json\/wp\/v2\/types\/page"}],"author":[{"embeddable":true,"href":"https:\/\/colecolba.edu.co\/web\/wp-json\/wp\/v2\/users\/1"}],"replies":[{"embeddable":true,"href":"https:\/\/colecolba.edu.co\/web\/wp-json\/wp\/v2\/comments?post=4526"}],"version-history":[{"count":59,"href":"https:\/\/colecolba.edu.co\/web\/wp-json\/wp\/v2\/pages\/4526\/revisions"}],"predecessor-version":[{"id":14392,"href":"https:\/\/colecolba.edu.co\/web\/wp-json\/wp\/v2\/pages\/4526\/revisions\/14392"}],"wp:attachment":[{"href":"https:\/\/colecolba.edu.co\/web\/wp-json\/wp\/v2\/media?parent=4526"}],"curies":[{"name":"wp","href":"https:\/\/api.w.org\/{rel}","templated":true}]}}